{"id":17,"date":"2006-03-20T23:52:10","date_gmt":"2006-03-21T02:52:10","guid":{"rendered":"http:\/\/reiki-sistema-usui.com.ar\/wp\/?page_id=17"},"modified":"2022-04-12T10:48:56","modified_gmt":"2022-04-12T13:48:56","slug":"otros-sitios","status":"publish","type":"page","link":"https:\/\/www.usuishikiryoho.com.ar\/index.php\/otros-sitios\/","title":{"rendered":"Flores de Bach"},"content":{"rendered":"<div class=\"fcbkbttn_buttons_block\" id=\"fcbkbttn_left\"><div class=\"fcbkbttn_button\">\n                            <a href=\"https:\/\/www.facebook.com\/\" target=\"_blank\">\n                                <img decoding=\"async\" src=\"https:\/\/www.usuishikiryoho.com.ar\/new\/wp-content\/plugins\/social-buttons-pack\/facebook-button-plugin\/images\/standard-facebook-ico.png\" alt=\"Fb-Button\" \/>\n                            <\/a>\n                        <\/div><div class=\"fcbkbttn_like \"><fb:like href=\"https:\/\/www.usuishikiryoho.com.ar\/index.php\/otros-sitios\/\" action=\"like\" colorscheme=\"light\" layout=\"standard\" show-faces='false' width=\"225px\" size=\"small\"><\/fb:like><\/div><\/div><div class=\"pntrst_main_before_after\"><div class=\"pntrst-button-wrap\">\r\n\t\t\t\t\t\t\t<a data-pin-do=\"buttonBookmark\" data-pin-custom=\"\" href=\"https:\/\/www.pinterest.com\/pin\/create\/button\/\"><img decoding=\"async\" data-pin-nopin=\"1\" class=\"pntrst-custom-pin\" src=\"https:\/\/www.usuishikiryoho.com.ar\/new\/wp-content\/plugins\/social-buttons-pack\/bws-pinterest\/images\/pin.png\" width=\"60\"><\/a>\r\n\t\t\t\t\t\t<\/div><\/div><div class=\"twttr_buttons\"><div class=\"twttr_twitter\">\n\t\t\t\t\t<a href=\"http:\/\/twitter.com\/share?text=Flores+de+Bach\" class=\"twitter-share-button\" data-via=\"\" data-hashtags=\"\"  data-size=\"default\" data-url=\"https:\/\/www.usuishikiryoho.com.ar\/index.php\/otros-sitios\/\"  data-related=\"\" target=\"_blank\">Tweet<\/a>\n\t\t\t\t<\/div><\/div><p><a href=\"https:\/\/www.usuishikiryoho.com.ar\/new\/wp-content\/uploads\/2006\/03\/carlos-8-2-2010-017.jpg\"><img loading=\"lazy\" decoding=\"async\" class=\"aligncenter size-medium wp-image-450\" title=\"carlos 8 2 2010 017\" src=\"https:\/\/www.usuishikiryoho.com.ar\/new\/wp-content\/uploads\/2006\/03\/carlos-8-2-2010-017-300x225.jpg\" alt=\"\" width=\"300\" height=\"225\" srcset=\"https:\/\/www.usuishikiryoho.com.ar\/new\/wp-content\/uploads\/2006\/03\/carlos-8-2-2010-017-300x225.jpg 300w, https:\/\/www.usuishikiryoho.com.ar\/new\/wp-content\/uploads\/2006\/03\/carlos-8-2-2010-017-1023x767.jpg 1023w\" sizes=\"auto, (max-width: 300px) 100vw, 300px\" \/><\/a><\/p>\n<p>Creo en la existencia de un prop\u00f3sito mayor en nuestra vida que el simple, o no tan simple, pasar. Es decir, creo que vivimos para algo, por alguna raz\u00f3n y que esta raz\u00f3n es el desarrollo de nuestras capacidades, de manera de poder expresar lo mejor de cada uno de nosotros en este mundo.<\/p>\n<p>Existe en cada uno de nosotros una disposici\u00f3n a la integraci\u00f3n, a la unidad, a la salud y esta tendencia nos gu\u00eda en nuestra vida. Est\u00e1 en cada uno de nosotros la posibilidad de ser felices, de vivir en armon\u00eda con nosotros mismos y con todo lo que nos rodea.<\/p>\n<p>Flores de Bach suele ser el nombre general que se la da al tratamiento con un amplio espectro de esencias florales. En mi caso, las Esencias Florales Bach son el repertorio b\u00e1sico.<\/p>\n<p>La terapia floral trabaja accediendo al nivel emocional.<\/p>\n<p>Cada una de las esencias florales ayudan a equilibrar una caracter\u00edstica o estado emocional negativo en particular, por ejemplo: el miedo, la falta de confianza, etc.<\/p>\n<p>La curaci\u00f3n a nivel emocional tiene repercusiones en otros planos: una vida afectiva sana y una personalidad equilibrada permitir\u00e1n que el cuerpo encuentre su propio estado natural de salud.<\/p>\n<p>La terapia floral puede ser utilizada sola o en combinaci\u00f3n con cualquier tipo de tratamiento, ya que no presenta contraindicaciones, lo que tambi\u00e9n significa que puede utilizarse en cualquier condici\u00f3n para cualquier edad.<\/p>\n<p>Trabajo con Esencias Florales desde 1989, si te interesa una entrevista, cont\u00e1ctame. Podemos charlar para saber si las esencias florales pueden ser un buen recurso en tu vida.<\/p>\n<div class=\"pntrst_main_before_after\"><\/div>","protected":false},"excerpt":{"rendered":"<p>Creo en la existencia de un prop\u00f3sito mayor en nuestra vida que el simple, o no tan simple, pasar. Es decir, creo que vivimos para algo, por alguna raz\u00f3n y que esta raz\u00f3n es el desarrollo de nuestras capacidades, de &hellip; <a href=\"https:\/\/www.usuishikiryoho.com.ar\/index.php\/otros-sitios\/\">Sigue leyendo <span class=\"meta-nav\">&rarr;<\/span><\/a><\/p>\n","protected":false},"author":1,"featured_media":0,"parent":0,"menu_order":4,"comment_status":"closed","ping_status":"open","template":"","meta":{"footnotes":""},"class_list":["post-17","page","type-page","status-publish","hentry"],"_links":{"self":[{"href":"https:\/\/www.usuishikiryoho.com.ar\/index.php\/wp-json\/wp\/v2\/pages\/17","targetHints":{"allow":["GET"]}}],"collection":[{"href":"https:\/\/www.usuishikiryoho.com.ar\/index.php\/wp-json\/wp\/v2\/pages"}],"about":[{"href":"https:\/\/www.usuishikiryoho.com.ar\/index.php\/wp-json\/wp\/v2\/types\/page"}],"author":[{"embeddable":true,"href":"https:\/\/www.usuishikiryoho.com.ar\/index.php\/wp-json\/wp\/v2\/users\/1"}],"replies":[{"embeddable":true,"href":"https:\/\/www.usuishikiryoho.com.ar\/index.php\/wp-json\/wp\/v2\/comments?post=17"}],"version-history":[{"count":10,"href":"https:\/\/www.usuishikiryoho.com.ar\/index.php\/wp-json\/wp\/v2\/pages\/17\/revisions"}],"predecessor-version":[{"id":944,"href":"https:\/\/www.usuishikiryoho.com.ar\/index.php\/wp-json\/wp\/v2\/pages\/17\/revisions\/944"}],"wp:attachment":[{"href":"https:\/\/www.usuishikiryoho.com.ar\/index.php\/wp-json\/wp\/v2\/media?parent=17"}],"curies":[{"name":"wp","href":"https:\/\/api.w.org\/{rel}","templated":true}]}}

<div class="fcbkbttn_buttons_block" id="fcbkbttn_left"><div class="fcbkbttn_button">
                            <a href="https://www.facebook.com/" target="_blank">
                                <img decoding="async" src="https://www.usuishikiryoho.com.ar/new/wp-content/plugins/social-buttons-pack/facebook-button-plugin/images/standard-facebook-ico.png" alt="Fb-Button" />
                            </a>
                        </div><div class="fcbkbttn_like "><fb:like href="https://www.usuishikiryoho.com.ar/index.php/otros-sitios/" action="like" colorscheme="light" layout="standard" show-faces='false' width="225px" size="small"></fb:like></div></div><div class="pntrst_main_before_after"><div class="pntrst-button-wrap">
							<a data-pin-do="buttonBookmark" data-pin-custom="" href="https://www.pinterest.com/pin/create/button/"><img decoding="async" data-pin-nopin="1" class="pntrst-custom-pin" src="https://www.usuishikiryoho.com.ar/new/wp-content/plugins/social-buttons-pack/bws-pinterest/images/pin.png" width="60"></a>
						</div></div><div class="twttr_buttons"><div class="twttr_twitter">
					<a href="http://twitter.com/share?text=Flores+de+Bach" class="twitter-share-button" data-via="" data-hashtags=""  data-size="default" data-url="https://www.usuishikiryoho.com.ar/index.php/otros-sitios/"  data-related="" target="_blank">Tweet</a>
				</div></div><p><a href="https://www.usuishikiryoho.com.ar/new/wp-content/uploads/2006/03/carlos-8-2-2010-017.jpg"><img loading="lazy" decoding="async" class="aligncenter size-medium wp-image-450" title="carlos 8 2 2010 017" src="https://www.usuishikiryoho.com.ar/new/wp-content/uploads/2006/03/carlos-8-2-2010-017-300x225.jpg" alt="" width="300" height="225" srcset="https://www.usuishikiryoho.com.ar/new/wp-content/uploads/2006/03/carlos-8-2-2010-017-300x225.jpg 300w, https://www.usuishikiryoho.com.ar/new/wp-content/uploads/2006/03/carlos-8-2-2010-017-1023x767.jpg 1023w" sizes="auto, (max-width: 300px) 100vw, 300px" /></a></p>
<p>Creo en la existencia de un propósito mayor en nuestra vida que el simple, o no tan simple, pasar. Es decir, creo que vivimos para algo, por alguna razón y que esta razón es el desarrollo de nuestras capacidades, de manera de poder expresar lo mejor de cada uno de nosotros en este mundo.</p>
<p>Existe en cada uno de nosotros una disposición a la integración, a la unidad, a la salud y esta tendencia nos guía en nuestra vida. Está en cada uno de nosotros la posibilidad de ser felices, de vivir en armonía con nosotros mismos y con todo lo que nos rodea.</p>
<p>Flores de Bach suele ser el nombre general que se la da al tratamiento con un amplio espectro de esencias florales. En mi caso, las Esencias Florales Bach son el repertorio básico.</p>
<p>La terapia floral trabaja accediendo al nivel emocional.</p>
<p>Cada una de las esencias florales ayudan a equilibrar una característica o estado emocional negativo en particular, por ejemplo: el miedo, la falta de confianza, etc.</p>
<p>La curación a nivel emocional tiene repercusiones en otros planos: una vida afectiva sana y una personalidad equilibrada permitirán que el cuerpo encuentre su propio estado natural de salud.</p>
<p>La terapia floral puede ser utilizada sola o en combinación con cualquier tipo de tratamiento, ya que no presenta contraindicaciones, lo que también significa que puede utilizarse en cualquier condición para cualquier edad.</p>
<p>Trabajo con Esencias Florales desde 1989, si te interesa una entrevista, contáctame. Podemos charlar para saber si las esencias florales pueden ser un buen recurso en tu vida.</p>
<div class="pntrst_main_before_after"></div>

<p>Creo en la existencia de un propósito mayor en nuestra vida que el simple, o no tan simple, pasar. Es decir, creo que vivimos para algo, por alguna razón y que esta razón es el desarrollo de nuestras capacidades, de &hellip; <a href="https://www.usuishikiryoho.com.ar/index.php/otros-sitios/">Sigue leyendo <span class="meta-nav">&rarr;</span></a></p>
